of 12159.
3, 7, 193
List the prime factors of 1247182.
2, 623591
List the prime factors of 251350.
2, 5, 11, 457
What are the prime factors of 1832986?
2, 67, 13679
What are the prime factors of 179697?
3, 7, 43, 199
List the prime factors of 19985553.
3, 7, 29, 10939
List the prime factors of 9516408.
2, 3, 11, 29, 113
What are the prime factors of 11852342?
2, 5926171
What are the prime factors of 625600?
2, 5, 17, 23
What are the prime factors of 7094904?
2, 3, 19, 15559
List the prime factors of 9823690.
2, 5, 131, 7499
What are the prime factors of 1177852?
2, 13, 22651
List the prime factors of 305380.
2, 5, 15269
What are the prime factors of 181459?
181459
List the prime factors of 112941.
3, 47, 89
List the prime factors of 1688013.
3, 101, 619
What are the prime factors of 4582409?
13, 352493
What are the prime factors of 47693?
37, 1289
List the prime factors of 309997.
53, 5849
What are the prime factors of 1259550?
2, 3, 5, 311
What are the prime factors of 515119?
11, 46829
List the prime factors of 16640993.
53, 313981
List the prime factors of 6214294.
2, 29, 307, 349
List the prime factors of 4529854.
2, 7, 17, 2719
List the prime factors of 8939793.
3, 2979931
What are the prime factors of 454612?
2, 89, 1277
What are the prime factors of 4374612?
2, 3, 11, 11047
What are the prime factors of 54304?
2, 1697
List the prime factors of 1181204.
2, 47, 61, 103
What are the prime factors of 2320322?
2, 1160161
List the prime factors of 66028.
2, 17, 971
What are the prime factors of 388869?
3, 13, 59
What are the prime factors of 1157502?
2, 3, 192917
What are the prime factors of 14511002?
2, 11, 659591
What are the prime factors of 265499?
13, 1571
What are the prime factors of 10882201?
11, 311, 3181
List the prime factors of 399482.
2, 199741
List the prime factors of 5662324.
2, 23, 61547
List the prime factors of 2569326.
2, 3, 428221
List the prime factors of 1497611.
61, 24551
What are the prime factors of 18339767?
797, 23011
List the prime factors of 258504.
2, 3, 10771
What are the prime factors of 590649?
3, 47, 59, 71
What are the prime factors of 1045600?
2, 5, 1307
List the prime factors of 697802.
2, 7, 49843
What are the prime factors of 223326?
2, 3, 19, 653
List the prime factors of 3786521.
3786521
What are the prime factors of 1487324?
2, 371831
What are the prime factors of 34949757?
3, 701, 16619
What are the prime factors of 37682?
2, 83, 227
List the prime factors of 11716056.
2, 3, 11, 4931
List the prime factors of 1954338.
2, 3, 325723
What are the prime factors of 1183365?
3, 5, 26297
List the prime factors of 1156922.
2, 13, 44497
What are the prime factors of 775455?
3, 5, 17, 3041
What are the prime factors of 1006374?
2, 3, 167729
List the prime factors of 11160641.
181, 197, 313
What are the prime factors of 853250?
2, 5, 3413
What are the prime factors of 150748?
2, 13, 223
What are the prime factors of 3652021?
941, 3881
List the prime factors of 2091073.
277, 7549
What are the prime factors of 14605671?
3, 4868557
What are the prime factors of 6923190?
2, 3, 5, 230773
What are the prime factors of 37914?
2, 3, 71, 89
List the prime factors of 5241303.
3, 61, 9547
List the prime factors of 70817.
23, 3079
What are the prime factors of 3217244?
2, 47, 109, 157
List the prime factors of 13857229.
13857229
List the prime factors of 53841.
3, 131, 137
What are the prime factors of 484960?
2, 5, 7, 433
List the prime factors of 10205638.
2, 41, 124459
List the prime factors of 36368.
2, 2273
What are the prime factors of 1233239?
7, 41, 4297
What are the prime factors of 725420?
2, 5, 19, 23, 83
What are the prime factors of 32127105?
3, 5, 2141807
List the prime factors of 341786.
2, 73, 2341
List the prime factors of 145439.
7, 79, 263
List the prime factors of 7250284.
2, 1812571
What are the prime factors of 7572673?
7572673
List the prime factors of 992489.
149, 6661
What are the prime factors of 5258613?
3, 1752871
What are the prime factors of 1008238?
2, 7, 11, 6547
List the prime factors of 1749733.
31, 56443
List the prime factors of 12750466.
2, 6375233
What are the prime factors of 1136955?
3, 5, 75797
What are the prime factors of 36768?
2, 3, 383
What are the prime factors of 999767?
173, 5779
What are the prime factors of 3344488?
2, 7, 59723
List the prime factors of 715697.
31, 23087
What are the prime factors of 2388221?
11, 217111
List the prime factors of 188100.
2, 3, 5, 11, 19
What are the prime factors of 2017867?
179, 11273
What are the prime factors of 105504?
2, 3, 7, 157
List the prime factors of 920376.
2, 3, 4261
What are the prime factors of 14042650?
2, 5, 23, 12211
What are the prime factors of 690542?
2, 345271
What are the prime factors of 6580167?
3, 11, 199399
List the prime factors of 79560.
2, 3, 5, 13, 17
List the prime factors of 3215390.
2, 5, 137, 2347
List the prime factors of 13588833.
3, 4529611
What are the prime factors of 46078?
2, 23039
What are the prime factors of 6546189?
3, 13, 53, 3167
List the prime factors of 3039052.
2, 759763
What are the prime factors of 368474?
2, 29, 6353
What are the prime factors of 870385?
5, 174077
What are the prime factors of 786618?
2, 3, 7, 2081
What are the prime factors of 10244713?
163, 62851
What are the prime factors of 1142312?
2, 142789
What are the prime factors of 12572722?
2, 6286361
List the prime factors of 214781.
7, 61, 503
List the prime factors of 895520.
2, 5, 29, 193
List the prime factors of 2667791.
7, 97, 3929
What are the prime factors of 328075?
5, 11, 1193
List the prime factors of 222542.
2, 111271
List the prime factors of 12593916.
2, 3, 349831
List the prime factors of 25483.
17, 1499
What are the prime factors of 297509?
297509
List the prime factors of 1056800.
2, 5, 1321
What are the prime factors of 1441797?
3, 7, 71, 967
What are the prime factors of 1907697?
3, 11, 57809
List the prime factors of 2277678.
2, 3, 13, 29201
What are the prime factors of 2212124?
2, 211, 2621
List the prime factors of 267101.
47, 5683
What are the prime factors of 753399?
3, 97, 863
What are the prime factors of 6851970?
2, 3, 5, 19, 4007
What are the prime factors of 144502?
2, 72251
List the prime factors of 158701.
151, 1051
List the prime factors of 6476458.
2, 31, 104459
List the prime factors of 958813.
311, 3083
List the prime factors of 195894.
2, 3, 10883
List the prime factors of 1556344.
2, 194543
List the prime factors of 230621.
23, 37, 271
What are the prime factors of 900262?
2, 11, 151, 271
List the prime factors of 549975.
3, 5, 7333
What are the prime factors of 241251?
3, 29, 47, 59
What are the prime factors of 4720851?
3, 61, 8599
List the prime factors of 507839.
507839
What are the prime factors of 844537?
23, 73, 503
What are the prime factors of 17070316?
2, 4267579
List the prime factors of 17455.
5, 3491
What are the prime factors of 2085702?
2, 3, 149, 2333
What are the prime factors of 515083?
17, 41, 739
What are the prime factors of 60561?
3, 2243
List the prime factors of 5668661.
59, 96079
What are the prime factors of 1720898?
2, 71, 12119
List the prime factors of 320080.
2, 5, 4001
What are the prime factors of 2554247?
2554247
List the prime factors of 3642007.
149, 24443
List the prime factors of 4766062.
2, 7, 277, 1229
What are the prime factors of 883789?
691, 1279
What are the prime factors of 80737?
80737
List the prime factors of 10092197.
10092197
List the prime factors of 530615.
5, 106123
List the prime factors of 409619.
7, 163, 359
List the prime factors of 206163.
3, 22907
List the prime factors of 428632.
2, 131, 409
List the prime factors of 4311875.
5, 6899
What are the prime factors of 14629409?
14629409
List the prime factors of 15766.
2, 7883
List the prime factors of 2384611.
2384611
List the prime factors of 253316.
2, 7, 83, 109
List the prime factors of 644606.
2, 17, 18959
What are the prime factors of 3393276?
2, 3, 282773
List the prime factors of 143757.
3, 15973
What are the prime factors of 172188?
2, 3, 4783
List the prime factors of 85206.
2, 3, 11, 1291
List the prime factors of 519431.
11, 47221
What are the prime factors of 110091?
3, 36697
What are the prime factors of 55585?
5, 11117
What are the prime factors of 3080684?
2, 7